e the prime factors of 4266205010?
2, 5, 43, 9921407
List the prime factors of 852731204.
2, 13, 53, 277, 1117
What are the prime factors of 31556060?
2, 5, 29, 41, 1327
What are the prime factors of 152657022?
2, 3, 7, 41, 88651
What are the prime factors of 16993044?
2, 3, 23, 6841
List the prime factors of 4452796843.
11, 79, 5124047
What are the prime factors of 3707953418?
2, 13, 23, 1433, 4327
List the prime factors of 17013387.
3, 2069, 2741
What are the prime factors of 19975323?
3, 17, 41, 233
List the prime factors of 94776619.
7, 2029, 6673
What are the prime factors of 11686122?
2, 3, 7, 163, 569
What are the prime factors of 16576505?
5, 11, 41, 7351
List the prime factors of 11096313.
3, 3698771
List the prime factors of 1600833641.
11, 145530331
List the prime factors of 101603911.
71, 97, 14753
What are the prime factors of 75241064?
2, 19, 26053
List the prime factors of 1752798540.
2, 3, 5, 29213309
What are the prime factors of 121937254?
2, 769, 79283
List the prime factors of 131227600.
2, 5, 7, 46867
List the prime factors of 3819284392.
2, 7, 11, 19, 326323
List the prime factors of 17799027.
3, 167, 35527
What are the prime factors of 294290030?
2, 5, 47, 71, 8819
List the prime factors of 79737953.
43, 569, 3259
List the prime factors of 3830971.
283, 13537
What are the prime factors of 380277062?
2, 11, 31, 557591
List the prime factors of 498271224.
2, 3, 11, 17, 10093
List the prime factors of 4534297419.
3, 1511432473
List the prime factors of 332978438.
2, 13, 12806863
List the prime factors of 125161888.
2, 17, 230077
What are the prime factors of 1132578877?
1132578877
List the prime factors of 369960669.
3, 13, 37, 61, 467
List the prime factors of 16917420.
2, 3, 5, 13, 23, 41
What are the prime factors of 188299196?
2, 19, 251, 9871
List the prime factors of 441678595.
5, 88335719
List the prime factors of 1012080969.
3, 9419, 11939
What are the prime factors of 33597236?
2, 17, 494077
List the prime factors of 724454241.
3, 7, 149, 231529
What are the prime factors of 49872952?
2, 2179, 2861
List the prime factors of 238675342.
2, 17, 7019863
What are the prime factors of 8258056?
2, 17, 41, 1481
List the prime factors of 173519348.
2, 43379837
List the prime factors of 33182243.
41, 809323
List the prime factors of 17581166.
2, 8790583
List the prime factors of 32005775.
5, 1280231
What are the prime factors of 69653252?
2, 17413313
List the prime factors of 25025874.
2, 3, 4170979
What are the prime factors of 4946494?
2, 7, 353321
List the prime factors of 1353347996.
2, 7, 11, 13, 337999
What are the prime factors of 5444873?
7, 777839
List the prime factors of 1169886444.
2, 3, 23, 4238719
List the prime factors of 1132315645.
5, 23, 9846223
What are the prime factors of 516498374?
2, 7, 36892741
What are the prime factors of 170848931?
11, 19, 139, 5881
List the prime factors of 1629518321.
1629518321
List the prime factors of 71358115.
5, 14271623
What are the prime factors of 91396205?
5, 18279241
List the prime factors of 256257903.
3, 11, 7765391
What are the prime factors of 1497006114?
2, 3, 421, 592639
What are the prime factors of 111723440?
2, 5, 307, 4549
List the prime factors of 20901497.
113, 184969
List the prime factors of 41367988.
2, 10341997
What are the prime factors of 1776345064?
2, 13, 17080241
What are the prime factors of 11658032?
2, 728627
What are the prime factors of 56350322?
2, 7, 23, 139, 1259
What are the prime factors of 37050989?
2903, 12763
List the prime factors of 54263691.
3, 6029299
What are the prime factors of 3316835170?
2, 5, 11, 3547, 8501
List the prime factors of 1494680609.
179, 46649
List the prime factors of 420670465.
5, 31, 773, 3511
What are the prime factors of 129417588?
2, 3, 19, 21023
What are the prime factors of 77672164?
2, 19418041
List the prime factors of 3837383461.
3837383461
What are the prime factors of 6936942?
2, 3, 1156157
What are the prime factors of 199311978?
2, 3, 17, 617, 3167
List the prime factors of 321546536.
2, 40193317
List the prime factors of 1454550677.
2239, 649643
List the prime factors of 462781311.
3, 37, 1823, 2287
What are the prime factors of 99984935?
5, 19, 1052473
List the prime factors of 297083172.
2, 3, 59, 419609
List the prime factors of 1552118107.
1552118107
What are the prime factors of 2316091669?
59, 227, 172933
What are the prime factors of 437999527?
7, 31, 89, 22679
List the prime factors of 1211979550.
2, 5, 24239591
List the prime factors of 286008860.
2, 5, 107, 133649
List the prime factors of 491172091.
31, 2551, 6211
What are the prime factors of 9278467?
11, 843497
List the prime factors of 569706078.
2, 3, 94951013
List the prime factors of 257424635.
5, 13, 19, 208441
List the prime factors of 1968985922.
2, 19, 51815419
What are the prime factors of 2382990251?
887, 2686573
List the prime factors of 1593776854.
2, 43, 109, 170021
What are the prime factors of 2485134982?
2, 11, 19, 5945299
List the prime factors of 41937669.
3, 172583
List the prime factors of 291146091.
3, 6277, 15461
List the prime factors of 94162571.
94162571
List the prime factors of 171289184.
2, 11, 486617
List the prime factors of 3322454741.
19, 191, 211, 4339
List the prime factors of 57927299.
137, 422827
What are the prime factors of 26499342?
2, 3, 463, 9539
List the prime factors of 1048018965.
3, 5, 7, 29, 344177
List the prime factors of 216125635.
5, 11, 3929557
What are the prime factors of 6598758881?
11, 13, 19, 223, 10891
List the prime factors of 567832592.
2, 35489537
List the prime factors of 58954998.
2, 3, 9825833
What are the prime factors of 1186004368?
2, 1321, 56113
List the prime factors of 135523050.
2, 3, 5, 13, 69499
List the prime factors of 815365634.
2, 1109, 367613
What are the prime factors of 377351581?
71, 5314811
What are the prime factors of 2293660052?
2, 573415013
List the prime factors of 571010987.
571010987
List the prime factors of 409575003.
3, 823, 165887
What are the prime factors of 32632088?
2, 31, 131581
What are the prime factors of 762826907?
17, 44872171
List the prime factors of 847539094.
2, 29, 37, 463, 853
List the prime factors of 3727201185.
3, 5, 89, 930637
What are the prime factors of 59309451?
3, 233, 28283
List the prime factors of 445960873.
445960873
What are the prime factors of 1394401?
1394401
What are the prime factors of 231986627?
73, 113, 28123
What are the prime factors of 62389397?
7, 61, 20873
List the prime factors of 342039.
3, 114013
List the prime factors of 7736490396.
2, 3, 214902511
What are the prime factors of 1197302429?
31, 38622659
What are the prime factors of 2539130517?
3, 7, 11, 23, 53101
List the prime factors of 2972414215.
5, 17, 1301, 26879
List the prime factors of 160577102.
2, 7, 11469793
List the prime factors of 794064967.
19, 41792893
What are the prime factors of 573951764?
2, 59, 2431999
What are the prime factors of 73803586?
2, 193, 263, 727
List the prime factors of 57370289.
57370289
What are the prime factors of 553834147?
241, 269, 8543
List the prime factors of 11830052.
2, 13, 227501
What are the prime factors of 647177433?
3, 7, 30817973
What are the prime factors of 5321971000?
2, 5, 2003, 2657
List the prime factors of 24569395.
5, 79, 62201
List the prime factors of 485948907.
3, 53994323
What are the prime factors of 52307889?
3, 17435963
List the prime factors of 414878074.
2, 13, 15956849
List the prime factors of 945901830.
2, 3, 5, 31530061
List the prime factors of 1581200372.
2, 395300093
What are the prime factors of 78870357?
3, 8763373
List the prime factors of 37719098.
2, 41, 47, 9787
List the prime factors of 5647673929.
179, 199, 331, 479
List the prime factors of 661172636.
2, 17, 109, 89203
What are the prime factors of 652273827?
3, 821, 264829
What are the prime factors of 310220137?
310220137
What are the prime factors of 735556633?
7, 19, 37, 7867
What are the prime factors of 624024620?
2, 5, 31201231
List the prime factors of 170635791.
3, 71, 801107
List the prime factors of 2236469808.
2, 3, 47, 991343
List the prime factors of 83576330.
2, 5, 8357633
What are the prime factors of 3001163631?
3, 1237, 808721
What are the prime factors of 909456908?
2, 599, 379573
What are t